- r*h - 170. Calculate p(h).
0
Suppose 416 = 98*u - 26*u - 376. Let h(z) = -z**2 + 14*z + 24. Determine h(u).
57
Let c(b) be the second derivative of 6*b**5/5 - b**4/12 - b**3/6 + 75*b - 2. Calculate c(-1).
-24
Let d(g) be the second derivative of g**5/20 + g**4/6 - g**3/3 - g. Let m be (5*(-12)/(-20))/(-4 + 5). Suppose m*h = -c - 64 + 55, h - 4 = 2*c. Determine d(c).
-3
Suppose 18 = 47*g - 76. Let m(a) = -18*a + 0 - 1 + 13*a - g. Calculate m(3).
-18
Suppose 0 = -0*p + 4*p. Suppose 2*n + 0*n = p. Let t(z) = 8*z**2 + 98*z - 12. Let c(f) = 5*f**2 + 59*f - 6. Let r(a) = -5*c(a) + 3*t(a). Determine r(n).
-6
Let r = -71 + 77. Let n(t) = t**3 - 5*t**2 + 8*t + 4. Let h(v) = -v**3 + 6*v**2 - 10*v - 5. Let c(x) = r*h(x) + 7*n(x). Determine c(-4).
-34
Let q(l) = 1. Let u(o) = -34*o - 10. Let z(p) = -10*q(p) - u(p). Let v = 10286 - 10285. Calculate z(v).
34
Let x(m) = 7*m - 72. Let f be ((-55)/(-6) - (-2)/(-3))*(-6282)/(-3141). Determine x(f).
47
Let d(v) = -9*v + 2. Suppose 78 = -82*n - 4. Give d(n).
11
Let l(x) = 15 + 33*x - 2 - 8*x - 11*x - 5*x. Calculate l(-5).
-32
Suppose -3*v + 15 = -8*v. Let u(o) = o**2. Let p = -107 - -105. Let g(y) = -y**2 + 2*y + 3. Let i(c) = p*u(c) - g(c). Give i(v).
-6
Let w be (12882/(-133))/((-2)/7). Let s(v) = -340*v + 678*v - w*v + 7 - v**2. Calculate s(-4).
-5
Let f be 10 - (-2 + 2)/((-18)/(-6)). Let i(c) = 3 + 5 + f*c + 2 - 9*c. Calculate i(-9).
1
Suppose -7*t + 2*t = -15. Let l = -6 + t. Let r(a) be the third derivative of 5*a**4/24 + 2*a**3/3 - 434529*a**2. Give r(l).
-11
Let u(o) = -o**2 + 15*o + 44. Suppose -10 = -5*k, 57*l - 56*l = 5*k + 9. Determine u(l).
-32
Suppose 3*f + 0*p = -5*p - 26, -2*p + 2 = -5*f. Let q be f/((-4)/28*-13 + -2). Suppose -a = -g - 6, -5*g + 2*a - a - q = 0. Let r(v) = -4*v**2 + 2*v. Give r(g).
-20
Let s(q) = q + 5. Let k be s(-6). Suppose 0 = v - 3*o - 17, 31 = 4*v - v - 5*o. Let h(r) = 3 - 3 - 8*r**v + 2 - 1. Calculate h(k).
-7
Suppose -3*a - 5*v + 0*v - 7 = 0, -5*v = -4*a - 21. Let z(w) = 3*w**3 + 14*w**2 + 7*w - 7. Determine z(a).
-3
Let w(o) = o**3 - 2*o. Let g be w(-3). Let f = -18 - g. Let n(y) = y**3 - y**2 - 4*y. What is n(f)?
6
Let v be 3 + (-1 - (-84)/3). Let a = v - 26. Let h be (0 - a)/(12/(-9)). Let o(l) = 2*l**2 - 4*l - 1. Give o(h).
5
Let p(c) be the first derivative of c**2/2 - 23*c - 8. Let m(w) = w**2 + 3*w - 10. Let g be m(2). Give p(g).
-23
Suppose 0 = -4*a - h + 6, -6*a - 3*h + 5 = -7*a. Let s(o) = -4*o - 3. Let n(q) = -q**2 - 1. Let p(x) = a*s(x) - 2*n(x). Determine p(3).
5
Let j = -10579 + 10586. Let m(n) = 3*n**2 - 7*n - 93. Determine m(j).
5
Let o(n) = -3*n. Let l be 4*(24/30 - 7/(-10)). Suppose -4*z + l = -7*z. Give o(z).
6
Let q(r) = 2 + 75*r**3 - 3*r**2 + 83*r**3 - 236*r**3 + 4*r + 77*r**3. Calculate q(-3).
-10
Let v = -264 - -179. Suppose -3*z - 6 = 0, 4*p + z = -239 - 95. Let i = p - v. Let u(a) = 2*a - 1. Calculate u(i).
3
Let y(h) = -2*h**3 - 7*h**3 + 17*h**3 - 18*h - 10*h**2 - 7*h**3 + 24 - 5*h**2. Let l be 2 - 3 - -21 - (-5 - -9). What is y(l)?
-8
Let k(x) = 7*x**3 - 3*x**2 + 3*x - 4. Let d = -5689 - -5691. Calculate k(d).
46
Let p(i) = -5*i**3 - i**2 + 6*i - 1. Let m(j) = 24 + 26 - j**2 - 3*j**3 + 3*j - 51. Let s(v) = -7*m(v) + 4*p(v). Determine s(-3).
-6
Let x(l) = 6*l + 24451*l**3 + 12*l**2 - 2*l - 4 - 24450*l**3. Determine x(-12).
-52
Suppose 2*d + 3*v + 491 = 0, 994 = -7*d + 3*d - 2*v. Let u = d + 251. Let o(x) = 23*x**2 - x. Give o(u).
22
Let v(a) = -21*a**3 + a**2 - 5*a + 5. Suppose 4*y = o + 4, 3*y + 4*o - 26 + 4 = 0. Give v(y).
-169
Let m(j) = -14*j**2 + 31*j - 181. Let a(d) = -19*d**2 + 40*d - 242. Let z(u) = -8*a(u) + 11*m(u). Determine z(4).
-3
Let b(s) = s - 13. Let q(k) = k - 41. Let g(t) = -4*b(t) + q(t). Give g(13).
-28
Let h(i) = -i**3 + 6*i**2 + 7*i + 4. Let d(t) = -7*t**3 + 43*t**2 + 54*t + 26. Let s(u) = -2*d(u) + 15*h(u). Calculate s(2).
10
Let k(z) = z**2 - 9*z + 22. Let y be k(7). Suppose y*w = 6*w. Let x(d) = d + 4. Give x(w).
4
Suppose 5*s - 3*j = 56, -7*s + 4*j + 38 = -4*s. Let n(l) = -l**2 + 5*l + 57. Let i be n(s). Let z(y) = y**3 - 8*y**2 + 6*y. Give z(i).
-7
Let h(g) = -58*g**2 + 40*g - 40. Let q(k) = 23*k**2 - 20*k + 19. Let o(u) = 2*h(u) + 5*q(u). What is o(-19)?
34
Suppose 4 = -138*t + 137*t + r, -6 = 3*t - 4*r. Let f(o) = 3*o - 11. Determine f(t).
-41
Let f(o) be the third derivative of -11*o**4/24 - 43*o**3/3 - 213*o**2 + 1. What is f(-10)?
24
Suppose -4 = 8*i + 76. Let b be 2/i*(2 + -17). Let m(g) = -16*g - 3*g**2 + 5*g**3 - 6*g**b + 19*g + 5. Determine m(-4).
9
Let n(h) be the first derivative of h**3/3 - 15*h**2/2 + 56*h - 138. What is n(6)?
2
Let u be (-2)/(-8)*((-14)/(-21) + (-56)/12). Let v(w) = 7*w**2 + 26*w + 25. Determine v(u).
6
Let y(v) = 4*v. Let b(d) = -19*d + 72. Let g(f) = 2*b(f) - 2*y(f). Give g(3).
6
Let i(d) = -73*d + 2. Let r(q) = 55*q - 1. Let h(z) = -3*i(z) - 4*r(z). Calculate h(0).
-2
Let c(j) = -2*j - 7. Let i(n) = -3*n - 7. Let z(t) = 5*c(t) - 4*i(t). Suppose 3*m - 40 + 20 = -m. Give z(m).
3
Let y be (1 - 1)*(-6 + -27)/(-33). Let s(l) be the second derivative of 0*l**2 - l**3 + 5/12*l**4 + 1/20*l**5 + y + 9*l. Calculate s(-6).
0
Let r(b) = -b**3 + b - 3. Let w(h) = h**3 + 17*h**2 - 2*h - 285. Let s be w(-16). What is r(s)?
-27
Suppose -12*l = -14*l. Suppose -25 + 7 = -5*a + 2*f, 4*a + 2*f = l. Let h(i) = -i**2 + i + 2. Let y be h(a). Let m(t) = t. Calculate m(y).
0
Let j be 5*3*12/90. Let n(c) = 5 + c**j - 10*c - 11*c + 23*c. What is n(-4)?
13
Let g(t) = 15*t - 5. Suppose 0 = -5*o - n + 76, 0*o + n + 14 = o. Let j(l) = 2 - 6 + 0 + 0 + o*l. Let c(z) = 3*g(z) - 4*j(z). Give c(-1).
16
Let j(n) be the first derivative of 5*n**2/2 - 115*n + 1623. What is j(17)?
-30
Let y = 27 - 25. Suppose -4*v + 2*l - 2 = 4, -v - y*l = -11. Let s(w) = 3 + 26*w + v - 28*w. What is s(8)?
-12
Let s be (7 - (3 - 1))/(4 - 3). Suppose 10 = 18*r - 13*r. Let g(p) = -4*p + 22. Let b(x) = -x + 7. Let n(v) = r*g(v) - 7*b(v). What is n(s)?
-10
Let d(p) be the third derivative of p**5/60 - 11*p**4/8 + 67*p**3/3 - 7*p**2 - 15*p. Let k be d(5). Let n(j) = 3*j**2 + 19*j - 1. Give n(k).
-7
Let o(n) = 8*n - 3. Suppose 16 = 8*p - 4*p + 4*h, -5*p + 3*h - 4 = 0. Suppose 2 - p = d. Determine o(d).
5
Suppose 3*r - 2*r = 0. Suppose 0 = 4*f - 12, -h + 2*h + 2 = 2*f. Let n(v) = 6 + 2*v**3 - 2*v - h - 1 + r*v. Give n(2).
13
Let f(v) = -23*v**3 + 9*v**2 - 51*v + 59. Let t(u) = 11*u**3 - 5*u**2 + 25*u - 28. Let z(j) = -10*f(j) - 21*t(j). Give z(14).
-16
Let u = 16 + -21. Let r(y) be the first derivative of -2*y**2 - 6*y - 43. Let q(a) = -3*a - 5. Let i(d) = 7*q(d) - 6*r(d). What is i(u)?
-14
Let d be 1/7 - 960/56. Let j(i) = -i - 13. Calculate j(d).
4
Let r(f) = -f. Let t(h) = -6*h. Let n(o) = 5*r(o) - t(o). Let w be (66/(-88))/((-7)/(-28)). Give n(w).
-3
Let m(x) = -54*x + 866. Let r(o) = -508*o + 1540. Let f be r(3). Calculate m(f).
2
Let d be 0/((-8 - -11) + -4). Let t(f) = -6*f + 2 - 10*f + 15*f + 6. Determine t(d).
8
Let i(k) = -2*k - 14. Let w = -759 + 1240. Let s = -492 + w. What is i(s)?
8
Let p be (1 - (-4)/(-3))*-21. Let r(n) = 0*n**2 + n**2 - 4*n + 170 - 27 - 152. Calculate r(p).
12
Let o(y) = 20*y - 1. Let j(z) = 1. Let k(l) = -3. Let p(s) = 5*j(s) + 2*k(s). Let b be ((-5)/((-50)/15))/(3/4). Let g(u) = b*p(u) - o(u). Determine g(1).
-21
Let j(g) = 2*g**2 + 50*g + 277. Suppose -2*q + 4*i - 30 = 0, 671*i - 669*i = -4*q - 70. What is j(q)?
5
Suppose 53*t = 11 + 42. Let c(z) = -z**3 + z - 1. Let i(d) = 10*d**3 - 7*d + 7. Let r(v) = 6*c(v) + i(v). What is r(t)?
4
Let d(z) be the second derivative of z**5/20 + 5*z**4/12 - z**3/6 + 3*z**2/2 + 296*z. Let t(w) = -5*w**2. Let g be t(-1). Calculate d(g).
8
Let z(o) = -o. Let a(q) = 7*q**2 + 18 - 2*q**2 - 6*q**2 + 0*q**2 + 9*q. Let u(y) = -a(y) - 6*z(y). Let v(n) be the first derivative of u(n). Calculate v(4).
5
Let t(f) = -3 + 2*f + 5 - 3*f + 3*f. Let h = 264 - 244. Suppose -35 = -h*q + 85. What is t(q)?
14
Let g(c) = -27*c + 4. Let a(l) = 3*l**2 + 179*l + 286. Let t be a(-58). Determine g(t).
112
Let g(a) = 3*a + 23. Let n(o) be the first derivative of -o**2 - 16*o - 4. Let b(q) = -5*g(q) - 7*n(q). Give b(8).
-11
Let c(k) = 663 - 311 - 17*k - 10*k - 297. Determine c(2).
1
Suppose s = -3*l + 4, -s - 4*s = 5*l. Suppose l*d - 14 = -0. Let y(u) = -3*u**2 + 4*u**2 + d*u - 7 - 2*u**2 + 0*u. Calc